et k(g) = -33*g + 1 + 89*g - 29*g. Give k(-1).
-26
Let f(x) be the second derivative of x**4/12 + 11*x**3/6 + 6*x**2 + 3*x - 8. What is f(-9)?
-6
Let p(a) = 12*a - 8*a - 31 + 36. Give p(-4).
-11
Let s(l) = -3*l - 4. Let t be ((0 - -3) + -2)*-2. Give s(t).
2
Let t(u) = -u**3 + 2*u**2 + 2. Let y(g) = g - 1. Let q(i) = t(i) + 2*y(i). Give q(4).
-24
Suppose 4*y = 5 - 73. Let j(t) = -t - 23. Let r be j(y). Let i(p) = -p - 2. What is i(r)?
4
Suppose -4*s + 2*s - 15 = -5*x, 4*x - 2*s - 12 = 0. Suppose 0 = -x*j + 2*j + 4. Suppose 0 = -6*w + j*w - 4. Let f(c) = c**2 - 2. Determine f(w).
2
Suppose -3 = -u - 5*m + 5, -4*u + 11 = -m. Let v(c) = -c**3 + 7*c**2 - 330 + 2*c**u + 338 + 8*c. Calculate v(-6).
-4
Let t(y) = -29*y**2 - y + 4. Let j(i) = 58*i**2 + 2*i - 9. Let p(v) = 4*j(v) + 9*t(v). What is p(1)?
-30
Let j(x) = 6*x - 13. Let f(c) = -c + 3. Let y(s) = -9*f(s) - 2*j(s). Suppose 2*z + 4*t = -10, 2*z + t - 14 = 3*t. Determine y(z).
-10
Suppose -4*u - u + 55 = 0. Suppose u = m + 5*n - 14, n - 17 = -m. Let b = m + -21. Let t(v) = v**3 + 6*v**2 - 2. Give t(b).
-2
Let w be (14/(-6))/(4/(-12)). Let y(c) = -3*c - w + 0*c - 3*c + 0*c**3 - c**3 + 8*c**2. What is y(7)?
0
Let s(p) be the first derivative of -p**3/6 + 5*p**2 - 6*p - 3. Let x(o) be the first derivative of s(o). Determine x(-7).
17
Let x(z) = 12*z**2 + 1. Suppose 27 = 4*s - j, -42 = -5*s - 0*j + 4*j. Let v be (-66)/44*(-4)/s. Calculate x(v).
13
Let j be (-8 - -5)*-2*(-1)/(-3). Let n(g) = -3 + 4*g**2 + 14*g - 3*g**j - 15*g. Give n(0).
-3
Let r(y) = y**4 + y**2 - y + 7. Let j(s) = -s**4 - 2*s**2 + 2*s - 8. Let d(w) = -2*j(w) - 3*r(w). Let l(c) be the first derivative of d(c). What is l(1)?
-3
Let v(j) = 4*j + 1. Let h = 1043 - 1044. What is v(h)?
-3
Let z(j) = -47*j**2 - 3*j + 2. Let v be z(2). Let w be 1/3 + v/(-18). Suppose -4*q = n + 8, -6*q = -w*q + 2*n + 3. Let y(h) = -3*h**2 - h. Give y(q).
-2
Suppose -8 + 0 = -5*y - 3*k, 3*y = 2*k + 20. Let g(b) = b**2 - 13*b**3 + 0*b + y*b + 12*b**3. Calculate g(3).
-6
Let v(n) = n**3 - 6*n**2 + 1. Let j = 16 - 11. Suppose -j*l = -2*c + c - 19, 2*l = -4*c + 34. What is v(c)?
1
Let x = -17 + 17. Suppose 5*a - l - 10 = x, -6*a - 2*l = -3*a - 19. Let w(v) = 2*v - 2. What is w(a)?
4
Let o(s) = -3*s + 9. Let n(c) be the first derivative of 3/2*c**2 + 4 - 4*c + 1/3*c**3. Let r be n(-5). What is o(r)?
-9
Let f(q) = 10*q + 2 - 8*q + 0*q. Let s(p) = p + 1. Let n be s(-7). Let l(z) = z**3 + 5*z**2 - 7*z - 9. Let d be l(n). Calculate f(d).
-4
Let s(b) be the first derivative of -13 + b + b**3 - 1/2*b**2. Suppose -4*x = -0*x - 4. Calculate s(x).
3
Let k(u) = -3*u**2 - 1. Suppose -1 + 40 = -13*j. Let x be (-14)/(-42) + (-1)/j*2. Calculate k(x).
-4
Let d(a) = a + 24. Let p(y) = y + 20. Let z(w) = 3*d(w) - 4*p(w). Give z(-11).
3
Suppose 0 = -3*c - 3*z - 12, -5*c - 3*z + z = 14. Let s(j) = -9. Let f(l) = -l + 28. Let g(m) = c*f(m) - 7*s(m). What is g(-5)?
-3
Let z(c) = c**2 - 8*c + 6. Let k = -201 + 207. Calculate z(k).
-6
Let y(r) = 0 - 1 + 0 - 4*r**2 + 4*r + 5*r**2. Suppose 11*m - 16*m = 30. Determine y(m).
11
Let x(p) = -p + 11. Let l(a) = -7*a - 77. Let j be l(-13). Suppose 0 = -5*h - 3*q - j + 54, -4*q - 24 = -3*h. What is x(h)?
3
Let x(t) = 15*t + 31. Let a(l) = 13*l + 28. Let f(v) = 7*a(v) - 6*x(v). Give f(-14).
-4
Suppose -9 = -20*w + 17*w. Let v(p) = p + 1. Let r(a) = a + 1. Let n(f) = w*r(f) - 2*v(f). What is n(4)?
5
Let y(o) = -o**3 + 2*o**2 + 7*o + 13. Let q be y(-2). Let w(c) = -c**3 + 14*c**2 + 14*c + 10. Determine w(q).
-5
Let g(s) = -2*s**2 + 0 - 3 - 17*s + 5*s + 7. Let m(j) = -j**2 - 6*j + 2. Let d(a) = 4*g(a) - 9*m(a). What is d(-7)?
5
Let u be (-8)/(-6)*15/4. Let r(n) = -n**2 + 5*n + 7. Determine r(u).
7
Let h(a) = -5*a**3 - 4*a**2 + 3*a + 10. Let m(o) = 4*o**3 + 3*o**2 - 2*o - 9. Let r(v) = 5*h(v) + 6*m(v). Suppose 0 + 21 = -7*l. Calculate r(l).
-4
Let q be (7/9)/(7 - 13/3). Let k(j) be the third derivative of 0*j + 0 + 3*j**2 - 7/60*j**5 + q*j**4 + 7/6*j**3 + 1/120*j**6. Give k(6).
13
Let f(p) = 4 + 2*p + 12*p + 11*p - 22*p + 8. What is f(-6)?
-6
Let c(k) = -k**3 + 2*k**2 + 4*k + 3. Let g(t) = 3 - 3 + 4 + 6*t + 0. Let z be g(0). Give c(z).
-13
Suppose 5 = 5*y + 4*h + 14, -4 = 2*y + 2*h. Let q(s) = -s + 9. Let o(t) = -1. Suppose 5*r + 6 + 9 = 0. Let i(j) = r*o(j) + y*q(j). Calculate i(8).
2
Let m(p) = -p**2 + 2*p + 4. Let b be m(0). Let o = -5 - -9. Let j(d) = -b*d + d**2 - o + 2 + 0. Determine j(4).
-2
Let d(r) = -5 + 6 - 1 + 4*r - 6. Let m(x) = -6*x + 13. Let j(o) = 5*d(o) + 3*m(o). Calculate j(-6).
-3
Suppose -37*l - 63 = -28*l. Let b(q) = -5*q - 14. What is b(l)?
21
Let k(r) = r**3 - 4*r**2 + 2*r - 6. Let d(g) = g**3 - g**2. Let x be d(2). Let y be k(x). Let q be (25/(-10))/((-1)/y). Let b(l) = -4*l + 7. What is b(q)?
-13
Suppose 3*g = 3 - 0. Suppose 3*i + 0*r - 29 = -5*r, 3*i + 4*r = 25. Let f(q) = 109 - 2*q + 2*q**i - 12*q**3 - 108. Calculate f(g).
-11
Let a be 4*-3*1*5/(-30). Suppose 4*g - 2*r = 0, -2*g = r - 2 - a. Let m(u) = 10*u**3 - u**2 + u - 1. Give m(g).
9
Let j(v) = -7*v - 107. Let p be j(-15). Let y(d) = 6*d + 5. Let z(i) = -78*i - 66. Let r(a) = 27*y(a) + 2*z(a). Calculate r(p).
-9
Let l = 10 + -4. Let k be ((-2)/6)/((-2)/l). Let q(p) = -6*p**2 + 22*p + 4. Let n(h) = -5*h**2 + 14*h + 3. Let r(f) = 3*n(f) - 2*q(f). What is r(k)?
-4
Let t be 3/2 + (-12)/(-8). Suppose -2*q = -4*o - 10, 5*q = t*o - 6*o - 27. Let g(u) be the third derivative of u**4/24 + 5*u**3/6 + 19*u**2. Calculate g(o).
1
Let i(a) be the first derivative of a**2/2 - 13*a - 39. What is i(0)?
-13
Let u be -10 - -28 - (1 - 1). Suppose -3 = 3*z - 5*q, z + 2*z - u = -2*q. Let x(b) = b**3 - 2*b**2 - 6*b + 3. Calculate x(z).
11
Let h(x) be the third derivative of x**6/120 + x**5/10 + x**4/3 + 7*x**3/6 + 6*x**2 + x. Calculate h(-5).
-8
Let i(y) = -y**2 - 5*y + 9. Suppose -4*s - 3*c + 367 = 0, 3*s + 0*c - 269 = -c. Let o be 1/(0 - 4/s). Let f = 15 + o. Give i(f).
-5
Let n(j) = -j**2 + 11*j - 1. Let k(q) = -q + 1. Suppose 5*u + g + 13 = 0, 5*u + 5*g = -4 - 1. Let o(w) = u*k(w) - n(w). Determine o(8).
-2
Suppose -60 = 2*m - 5*m. Let t be (-9 + 14)*(-28)/10. Let d = m + t. Let l(r) = -r**3 + 7*r**2 - 6*r - 1. What is l(d)?
-1
Let s(q) be the third derivative of -q**6/120 + q**5/10 - q**4/6 + q**3 + q**2 - 337. Calculate s(4).
22
Suppose 10*s - 15 = 7*s. Let h(k) = -k**2 + 6*k - 2. Let u be h(s). Let r(i) = i**2 - 2*i - 4. Give r(u).
-1
Let r(v) = 15*v - 31*v**3 - 8*v**2 + 17*v + 7*v**2 - 33*v + 1. Determine r(1).
-32
Let u be (-224)/42 + (-10)/6. Let i(g) = g**2 + 7*g + 4 - 6 - 7. What is i(u)?
-9
Let u(h) = 1677 - 13*h - 1664 - 2*h**2 + 3*h**2. What is u(13)?
13
Let s be (1 - 65/35)*14. Let y = s + 10. Let o(b) = -b**2 - b + 1. Let d(r) = -4*r**2 - 5*r + 7. Let p(m) = d(m) - 5*o(m). What is p(y)?
6
Let o(j) = j + 2. Let c(p) be the first derivative of -p - 3. Let x(z) = -6*c(z) - o(z). Give x(3).
1
Let m(d) = 7*d**3 - 3*d**2 + 4*d - 5. Let h(a) = -6*a**3 + 3*a**2 - 3*a + 4. Let x(v) = -6*h(v) - 5*m(v). Give x(3).
-5
Suppose 0 = -3*f - 2*p, -4*f = -5*f - 2*p. Let l(s) = s**3 + s**2 + 0*s**3 - 2*s**2 - 4. Determine l(f).
-4
Let z be 36/30*25/15. Let c(r) be the first derivative of 1/4*r**4 + 0*r - 4 + 2*r**z + 5/3*r**3. Give c(-3).
6
Let m = 323/1578 + -10/263. Let s(t) be the third derivative of 3*t**2 + 0*t + 1/12*t**4 + 0 + m*t**3. What is s(-2)?
-3
Let d(q) = -q**2 - q - 29. Let r be d(0). Let j = 31 + r. Let a(n) = -n**j - 20*n + 9*n + 6 + 17*n. Give a(6).
6
Let w(m) = -m**3 + 8*m**2 - 5*m - 3. Let x = 68 - 72. Let t be ((-14)/(-2))/(-1 + -2 - x). What is w(t)?
11
Suppose -27 - 13 = 8*v. Let h(k) = -2*k - 9. Calculate h(v).
1
Let z(n) = -10*n - 8. Let p(a) = 3*a + 3. Let d(h) = -8*p(h) - 3*z(h). Let m(j) = 18*j + 1. Let b(v) = 8*d(v) - 3*m(v). What is b(-2)?
9
Let v(j) = j**2 - j - 6. Suppose b + w = -0*w + 1, -12 = -3*w. Let y be v(b). Let h(o) = -o**3 + 5*o**2 + 9*o - 3. Determine h(y).
15
Suppose 3*s = -6 + 12. Let k be (-45)/20 + s/8. Let w(g) = 3*g**2 + 3*g + 1. Give w(k).
7
Let g(k) = -3*k + 2. Let o(t) = -32*t + 22. Let a(z) = -20*g(z) + 2*o(z). Determine a(12).
-44
Let a(u) = -4*u**2 - 1. Suppose 0 = -h + 4*s + 42, h - 38 = 3*s - 0. Suppose -7*j + 102 = -4*j. Suppose -j + h = -4*y. Determine a(y).
-17
Let n(j) be the second derivative of -15/2*j**2 - 1/6*j**3 + 20*j 